it of n?
8
Suppose 3*w + l = 1468, -8 = 7*l - 3*l. What is the units digit of w?
0
Suppose 41*u - 399353 = 96*u - 1698508. What is the ten thousands digit of u?
2
Let p(o) = o**3 - 24*o**2 - 108*o + 33. Suppose -4*b - 120 = -4*d, -16 = -2*d - 4*b + 32. What is the tens digit of p(d)?
4
Let q(j) be the third derivative of 7*j**5/30 - 2*j**4/3 + 29*j**3/3 + 9*j**2 + 3. What is the units digit of q(5)?
8
Suppose -114*o = 1056384 - 4298316. What is the thousands digit of o?
8
Suppose 8*h = 10*h - 36. Suppose 4*b = 6 + h. Suppose -b*f = -11*f + 310. What is the units digit of f?
2
Let w(f) = 21*f**2 - 40*f - 60. What is the units digit of w(-17)?
9
Let g(f) = -2*f - 8. Suppose -23*p - 498 = -84. What is the units digit of g(p)?
8
Let c = 41 - 57. Let k = -7 - c. Let d(a) = 9*a + 15. What is the units digit of d(k)?
6
Let q be 3 - ((-16)/(-4))/4. Suppose -q*r = 6*r + 1560. Let j = 41 - r. What is the hundreds digit of j?
2
Suppose 0 = -2*j + 273 + 87. Suppose -2*d = -7*d + j. What is the units digit of 615/(-10)*(-3)/(d/16)?
2
Let i be -2 + -1 - (-6 + -65 + -2). Let y be 7/(-1)*960/i. Let k = y - -187. What is the units digit of k?
1
Suppose 14*v = -20*v + 479083 + 479309. What is the units digit of v?
8
Let t be (0 - (-10)/25) + (-7248)/(-5). Let o = -3 + 9. What is the units digit of (t/(-6) - 2/o)/(-2)?
1
Let c(l) = -22*l - 49. Let s(q) = q. Let h be s(3). Suppose -3*j - 3*v + v - 37 = 0, -5*j - h*v - 61 = 0. What is the hundreds digit of c(j)?
1
Let l = 118350 - 58916. What is the units digit of l?
4
Let l(w) = w**3 + 67*w**2 + 504*w + 67. What is the ten thousands digit of l(-35)?
2
Let k(r) = r**3 - 10*r**2 + 9*r + 12. Let h be k(9). Let a be 44/h - 3 - 1832/(-6). Suppose 41*m = 38*m + a. What is the units digit of m?
2
Let v be ((36/(-8))/9)/((-1)/(-782)). Let q = 607 + v. What is the tens digit of q?
1
Let q(s) = 60*s**3 + 3*s**2 - 3*s - 1. Suppose 2*d + 10 = 2*o + 4*d, -18 = -3*o - 4*d. What is the units digit of q(o)?
5
Suppose -22 = -5*l - 2. Let b(r) = 5*r**2 - l*r + r - 2*r. What is the units digit of b(3)?
0
Suppose 0*x = -2*x. Suppose x = v + j, -10 = -2*v - 0*v + 3*j. Suppose -3*u + 133 = -v*u. What is the tens digit of u?
3
Let s = 1565 + 148. What is the tens digit of s?
1
Let a = -7327 + 4057. What is the units digit of (1 - -1) + a/(-5)*1?
6
Suppose -74*h + 8*h + 6699792 = 66*h. What is the ten thousands digit of h?
5
Suppose 356*c - 13482 = 349*c. Let o = c - 1368. What is the tens digit of o?
5
Let t = 382 + 3340. What is the tens digit of t?
2
Suppose 10735 = 5*c - 2*z, 10*c - 8588 = 6*c - 5*z. Let v = -1217 + c. What is the units digit of v?
0
Suppose 0 = -h - 0*v - 2*v + 5, -h - 1 = -4*v. Suppose i + 13 = h. Let b = 104 - i. What is the hundreds digit of b?
1
Suppose 0 = -v + 6*v - 180. Suppose -5*u + 379 = 369. Suppose 4*w + u*d - v = 0, d + 10 = w + 2*d. What is the units digit of w?
8
What is the tens digit of 13/(48 + 4) - 5375/(-4)?
4
Let b be 11070/144 + -2*3/(-48). Suppose -b*u + 88*u = 11847. What is the units digit of u?
7
Let k = 40 + 17. Suppose -2*y = -k - 1. Let t = 58 + y. What is the tens digit of t?
8
What is the tens digit of (-326)/(-1630) - (-54354)/(5 - (0 - 0))?
7
Let s(h) = -h**2 - 8*h - 8. Let i be s(-6). Suppose -i*k + 6 = -2. Suppose -3*r + 261 = 3*o, -o + 352 = 4*r + k*o. What is the units digit of r?
1
What is the hundreds digit of -1332*(19 - 658/28)?
9
Let g be (-12)/32 + (-1015)/(-40). What is the hundreds digit of 11510/g + (-20)/50?
4
Let n(j) = -14*j**3 - 7*j**2 + 16*j - 20. Let u be n(4). Let o = -166 - u. What is the units digit of o?
8
Let n = -50 - -52. Let f be (4 + (-2)/n)*33. Let z = -5 + f. What is the units digit of z?
4
Let z(g) be the second derivative of g**5/20 + 11*g**4/6 - g**3/3 - 35*g**2/2 - 18*g. Let o be z(-22). Suppose 0 = o*y - 4*y - 165. What is the tens digit of y?
3
Let m(h) = -5*h**2 + 3*h - 47. Let p(w) = -w**2 - w. Let x(b) = -m(b) + 3*p(b). What is the hundreds digit of x(-15)?
5
Let h(m) = 2*m**2 - 13*m + 13. Let n be h(9). Let l = n + -40. Suppose 5*b + 5*q - 745 = 0, 8 - l = -5*q. What is the hundreds digit of b?
1
Suppose -14*z = -16*z + 80. Suppose -4 = -s + 2*n, -s + 5*n + z = -6*s. What is the tens digit of s/22 + (-3588)/(-132)?
2
Let b = -583 - -585. Suppose -s - 2*s = -4*c + 4317, 0 = -b*s + 10. What is the units digit of c?
3
Let y(s) = -26*s - 36. Let o(f) = 12*f + 18. Let r(n) = -5*o(n) - 2*y(n). Let b be ((-2)/(-1))/((-2)/20). What is the hundreds digit of r(b)?
1
Suppose 16*m - 65*m + 36*m + 195156 = 0. What is the tens digit of m?
1
Let q(f) = -f**3 + 171*f**2 - 412*f - 44. What is the ten thousands digit of q(167)?
4
Let d = -6309 - -4269. Let n = 2940 + d. What is the tens digit of n?
0
Let h be 3 - (-2 - -10) - -283. Let p be 1*-1*(1 - 414). Let v = p - h. What is the units digit of v?
5
Suppose 4*t = -4*u + 7*u + 1374, -5*t + 3*u + 1719 = 0. Suppose 7*g - 968 = 5*g. Let o = g - t. What is the units digit of o?
9
What is the tens digit of 280868*(-6)/(-192) - 1/8?
7
Suppose -10*c = -9*c - 4. Suppose c*a + 333 = 21. Let u = 91 - a. What is the units digit of u?
9
Suppose -4 = 4*t, -2*u + 2482 = t - 8001. What is the units digit of u?
2
What is the hundreds digit of (765542/1608 - 2/24)*(-42)/(-8)?
4
Suppose -10 = -5*a, 160*q - 158*q + a = 5630. What is the hundreds digit of q?
8
Suppose -35 - 1 = -3*y. Suppose y*n - 1030 - 350 = 0. What is the hundreds digit of n?
1
Let y(m) = 15*m**2 - 24*m - 12. What is the units digit of y(-10)?
8
Suppose m - 16457 + 4242 = 3*x, 0 = -4*m + 3*x + 48887. What is the units digit of m?
4
Suppose -2*s = -10, 5*j + 113 = -s - 82. Let q = -36 - j. Suppose u + 4*u - 649 = q*m, -5*m - 379 = -3*u. What is the units digit of u?
3
Suppose 0 = -3*y - 2*i + 1694, 0*i = 4*y + 5*i - 2261. Suppose -326 = l - y. What is the tens digit of l?
3
Let m = -7 + 49. Let h = 410 + -413. Let w = h + m. What is the units digit of w?
9
Let w(u) = -1. Let p(l) = 9 + 2622*l**2 - l + 5*l - 2639*l**2. Let t(v) = -p(v) - 5*w(v). What is the units digit of t(-3)?
1
What is the tens digit of (2/(8/(-5)))/((-985)/1059860)?
4
Suppose -3*n = -2*n - 2. Suppose 3*t = 2*r + 203, -2*r + 69 = n*t - 53. What is the units digit of 223/13 - 10/t?
7
What is the units digit of (1/2)/((-334)/(-14753448))?
6
Suppose 9127316 = 157*z - 4540790. What is the tens digit of z?
5
Let b = 987 + 1393. What is the thousands digit of b?
2
Let i be 0 + (1/1 - -55). Suppose r - 8078 = -a, 10*a + 12154 = 5*r - 28206. What is the units digit of (-21)/i + (-2)/((-64)/r)?
2
Suppose -l + 13 = 18. What is the units digit of 6/2 + 22 + l?
0
Let b(n) = -25*n**2 - 5*n - 12. Let j be b(-4). Let p = j + 522. What is the units digit of p?
0
Let h = -167 - -163. What is the tens digit of h/8*2*1*-487?
8
Let m(v) = -1482*v**3 + 2*v**2 - 26*v - 74. What is the hundreds digit of m(-3)?
0
Suppose 2*r + 3*f - 103 = 87, -2*f = 2*r - 188. Suppose 87*u + 295 = r*u. What is the tens digit of u?
5
Let w be 2/4*(3 - (-5 - 44)). Suppose -5 = -w*r + 25*r. Suppose 6*y - r*y = 150. What is the tens digit of y?
5
Let g be ((-3)/5)/(90/(-300)). Suppose 12*u - 3053 = 9*u - g*t, 5*u - 5086 = -t. What is the hundreds digit of u?
0
Suppose 3040 = 3*t + 3*k - 19001, -t = -k - 7335. What is the thousands digit of t?
7
Suppose -29*q = -126256 - 15775 - 26459. What is the hundreds digit of q?
8
Suppose -286*m + 280*m = -11328. Suppose -1782 = -5*a + m. What is the units digit of a?
4
Suppose -7*v - 1560 = 946. Let j = -122 - v. What is the units digit of j?
6
Suppose 5*m + 4*o - 5600 = -o, 5604 = 5*m + 4*o. Let z = m + -602. What is the units digit of z?
2
Let o be ((-2)/2)/(1/82). Suppose -7823 = 12*b - 10427. Let i = o + b. What is the hundreds digit of i?
1
Let u(f) = -43*f + 8. Let a = -9 + 5. Let r = a + 2. What is the units digit of u(r)?
4
Suppose -x - h + 11 = 4*h, 2*x = -3*h + 15. Let m be 16/x*(-225)/(-12). Let j = 120 - m. What is the units digit of j?
0
What is the thousands digit of 2*(9067 - (17 - 6))?
8
Let s(n) = -n**3 - 48*n**2 + 151*n + 46. What is the units digit of s(-59)?
8
Let m = -534 - -345. Let n = m + 338. Suppose f = q - n - 13, -4*q = -5*f - 650. What is the tens digit of q?
6
Let u = -116 + 305. Suppose 7*k = -0*k - 665. Let i = u + k. What is the tens digit of i?
9
Let j(m) = 